{"id":24,"date":"2015-02-11T14:59:40","date_gmt":"2015-02-11T14:59:40","guid":{"rendered":"http:\/\/www.freddoa.com\/esp\/?page_id=24"},"modified":"2015-02-26T13:49:49","modified_gmt":"2015-02-26T13:49:49","slug":"noticias-y-publicaciones","status":"publish","type":"page","link":"https:\/\/www.freddoa.com\/esp\/index.php\/noticias-y-publicaciones\/","title":{"rendered":"Noticias y Publicaciones"},"content":{"rendered":"<p><a href=\"http:\/\/www.freddoa.com\/new2\/wp-content\/uploads\/2015\/02\/mackenzie1.png\"><img loading=\"lazy\" decoding=\"async\" class=\"aligncenter size-full wp-image-269\" src=\"http:\/\/www.freddoa.com\/new2\/wp-content\/uploads\/2015\/02\/mackenzie1.png\" alt=\"mackenzie\" width=\"1000\" height=\"200\" \/><\/a><\/p>\n<div style=\"position: relative; top: -20px; padding-left: 76px; padding-right: 76px; font-size: 10px; line-height: 14px;\" align=\"center\">Las universidades cuyas im\u00e1genes se muestran aqu\u00ed no indican nuestra predilecci\u00f3n por uma o outra facultad de derecho.<br \/>\nDe hecho, solo ilustran universidades reconocidas como inspiraci\u00f3n al visitante.<\/div>\n<p>A la firma le gusta noticias e la convivencia com personas bien informadas. Por esta raz\u00f3n, he creado esta secci\u00f3n, que divide las tres partes abajo.<\/p>\n<div style=\"position: relative; float: left;\">\n<p><strong>Peri\u00f3dicos\u00a0e Noticias<\/strong><\/p>\n<ul>\n<li><a href=\"http:\/\/www.folha.uol.com.br\/\" target=\"_blank\">Folha de S. Paulo<\/a><\/li>\n<li><a href=\"http:\/\/www.estadao.com.br\/\" target=\"_blank\">O Estado de S\u00e3o Paulo<\/a><\/li>\n<li><a href=\"http:\/\/www.migalhas.com.br\/\" target=\"_blank\">Migalhas<\/a><\/li>\n<li><a href=\"http:\/\/www.conjur.com.br\/\" target=\"_blank\">Consultor Jur\u00eddico &#8211; Conjur<\/a><\/li>\n<li><a href=\"http:\/\/g1.globo.com\/index.html\" target=\"_blank\">Portal G1<\/a><\/li>\n<li><a href=\"http:\/\/www.cartacapital.com.br\/\" target=\"_blank\">Carta Capital<\/a><\/li>\n<li><a href=\"http:\/\/exame.abril.com.br\/\" target=\"_blank\">Exame<\/a><\/li>\n<li><a href=\"http:\/\/www.valor.com.br\/\" target=\"_blank\">Valor Econ\u00f4mico<\/a><\/li>\n<li><a href=\"http:\/\/jornalggn.com.br\/\" target=\"_blank\">Jornal GGN<\/a><\/li>\n<\/ul>\n<p><strong>Peri\u00f3dicos\u00a0e Noticias\u00a0(Extranjero)<\/strong><\/p>\n<ul>\n<li><a href=\"http:\/\/www.nytimes.com\/\" target=\"_blank\">The New York Times<\/a><\/li>\n<li><a href=\"http:\/\/online.wsj.com\/home-page\" target=\"_blank\">Wall Street Journal<\/a><\/li>\n<li><a href=\"http:\/\/www.ft.com\/home\/uk\" target=\"_blank\">Financial Times<\/a><\/li>\n<li><a href=\"http:\/\/www.economist.com\/\" target=\"_blank\">The Economist<\/a><\/li>\n<\/ul>\n<\/div>\n<div style=\"position: relative; float: right; width: 50%;\">\n<p><strong>Noticias y Publicaciones Propias<\/strong><\/p>\n<ul>\n<li><a href=\"http:\/\/www.freddoa.com\/new2\/wp-content\/uploads\/2014\/12\/ppp_artigos.pdf\">Colet\u00e2nea de artigos sobre PPP<\/a><\/li>\n<\/ul>\n<\/div>\n","protected":false},"excerpt":{"rendered":"<p>Las universidades cuyas im\u00e1genes se muestran aqu\u00ed no indican nuestra predilecci\u00f3n por uma o outra facultad de derecho. De hecho, solo ilustran universidades reconocidas como inspiraci\u00f3n al visitante. A la firma le gusta noticias e la convivencia com personas bien<\/p>\n","protected":false},"author":1,"featured_media":0,"parent":0,"menu_order":5,"comment_status":"closed","ping_status":"closed","template":"","meta":{"footnotes":""},"_links":{"self":[{"href":"https:\/\/www.freddoa.com\/esp\/index.php\/wp-json\/wp\/v2\/pages\/24"}],"collection":[{"href":"https:\/\/www.freddoa.com\/esp\/index.php\/wp-json\/wp\/v2\/pages"}],"about":[{"href":"https:\/\/www.freddoa.com\/esp\/index.php\/wp-json\/wp\/v2\/types\/page"}],"author":[{"embeddable":true,"href":"https:\/\/www.freddoa.com\/esp\/index.php\/wp-json\/wp\/v2\/users\/1"}],"replies":[{"embeddable":true,"href":"https:\/\/www.freddoa.com\/esp\/index.php\/wp-json\/wp\/v2\/comments?post=24"}],"version-history":[{"count":6,"href":"https:\/\/www.freddoa.com\/esp\/index.php\/wp-json\/wp\/v2\/pages\/24\/revisions"}],"predecessor-version":[{"id":38,"href":"https:\/\/www.freddoa.com\/esp\/index.php\/wp-json\/wp\/v2\/pages\/24\/revisions\/38"}],"wp:attachment":[{"href":"https:\/\/www.freddoa.com\/esp\/index.php\/wp-json\/wp\/v2\/media?parent=24"}],"curies":[{"name":"wp","href":"https:\/\/api.w.org\/{rel}","templated":true}]}}